
1254
In base 15, what is -1 - -8e?
8d
In base 3, what is 202 + -1020?
-111
In base 16, what is -95 + 2?
-93
In base 9, what is -1 + 3?
2
In base 8, what is 30 + -5?
23
In base 16, what is 1 - -1217?
1218
In base 8, what is 44 + -706?
-642
In base 12, what is -3b + 4a?
b
In base 10, what is 3 - 57?
-54
In base 5, what is 34 + -3?
31
In base 14, what is 10 - -2b?
3b
In base 5, what is 133 - 0?
133
In base 9, what is 104 + 1?
105
In base 10, what is 35 - 0?
35
In base 12, what is -5 + b5?
b0
In base 13, what is -b1 + 15?
-99
In base 12, what is 280 - -4?
284
In base 5, what is 10 - -33?
43
In base 9, what is -31 + -5?
-36
In base 14, what is 11121 + 2?
11123
In base 15, what is 23d + -1?
23c
In base 16, what is 3 - -7?
a
In base 16, what is -1a1 - -17?
-18a
In base 4, what is 1110 + -111?
333
In base 2, what is -11100 + 1000010?
100110
In base 3, what is 12 + 111?
200
In base 10, what is 5 + 635?
640
In base 15, what is 8a + -3?
87
In base 5, what is 3 - -331?
334
In base 14, what is 566 + 6?
56c
In base 15, what is 7 + 24?
2b
In base 13, what is 204 - -4?
208
In base 16, what is -68 + -1?
-69
In base 3, what is 12 - -2021?
2110
In base 6, what is -4244 - 20?
-4304
In base 10, what is 1590 + 0?
1590
In base 12, what is 183 - -9?
190
In base 3, what is 11 - -1122?
1210
In base 13, what is 3 - 14?
-11
In base 7, what is 5 + 13424?
13432
In base 2, what is -101 - -11000?
10011
In base 16, what is 6 + e69?
e6f
In base 9, what is 1242 - -6?
1248
In base 8, what is 1 + -152?
-151
In base 9, what is -2 - 154?
-156
In base 14, what is -13 - -6?
-b
In base 3, what is 10 + 12200?
12210
In base 12, what is -1 + 70?
6b
In base 9, what is 0 - -11751?
11751
In base 2, what is 10000 - 110?
1010
In base 12, what is -b6 - -4?
-b2
In base 10, what is -3 - -1496?
1493
In base 10, what is 87 + 10?
97
In base 12, what is -1 - 1b?
-20
In base 14, what is 9 - -13?
1c
In base 14, what is 6 + -17?
-11
In base 2, what is -11 - -10001001100?
10001001001
In base 10, what is -5 + -90?
-95
In base 6, what is -13153 - -2?
-13151
In base 10, what is -39 - 0?
-39
In base 10, what is -4 + -2971?
-2975
In base 5, what is -11200 - 1?
-11201
In base 16, what is -5 - -41?
3c
In base 4, what is 2 - 11103?
-11101
In base 6, what is 2222 - 3?
2215
In base 2, what is 111000100010 - 100?
111000011110
In base 6, what is -5 + 554?
545
In base 6, what is -14333 + -2?
-14335
In base 13, what is 4 + 201b?
2022
In base 10, what is 226 + -14?
212
In base 13, what is 78 - 5?
73
In base 15, what is 86 - 1?
85
In base 14, what is -4 + -95?
-99
In base 13, what is -4c + -2c?
-7b
In base 9, what is 4 + 1516?
1521
In base 4, what is 102 + -3212?
-3110
In base 14, what is -3 - 22?
-25
In base 6, what is 1235 - 1?
1234
In base 6, what is 3 + 2?
5
In base 15, what is -1c + -2ee?
-31b
In base 5, what is -10 + -243?
-303
In base 6, what is 4 - -11?
15
In base 2, what is 1011 - 10111?
-1100
In base 5, what is 323343 - -10?
323403
In base 7, what is -15 + 10?
-5
In base 14, what is 3 + 39?
3c
In base 13, what is -2 - 29?
-2b
In base 2, what is -11000 - 11111?
-110111
In base 4, what is 33102 + 11?
33113
In base 10, what is 8 - -214?
222
In base 6, what is -1151 - 0?
-1151
In base 7, what is -12 + 2553?
2541
In base 8, what is -11 - 113?
-124
In base 14, what is 52 + -5?
4b
In base 4, what is -110300 + 102?
-110132
In base 3, what is 112120020 + 2?
112120022
In base 16, what is -1 + 94?
93
In base 12, what is -304 - -20?
-2a4
In base 15, what is 60 + 0?
60
In base 16, what is -2 + 3e?
3c
In base 13, what is -3 + 13c?
139
In base 14, what is -33 - -1c?
-15
In base 4, what is -3102 - 331?
-10033
In base 10, what is 3003 + 2?
3005
In base 15, what is -6bc - 1?
-6bd
In base 5, what is 12 - -221?
233
In base 7, what is -426 - 0?
-426
In base 16, what is -1f - 18?
-37
In base 12, what is -324 + -1?
-325
In base 3, what is 10 - -110221220?
110222000
In base 10, what is 1974 - 6?
1968
In base 7, what is 1260 + 6?
1266
In base 9, what is -2 + 100?
87
In base 13, what is -12 + 35b?
349
In base 10, what is 3791 - 1?
3790
In base 2, what is -101 + -100010000?
-100010101
In base 11, what is 327 + 7?
333
In base 11, what is 4 + -50?
-47
In base 7, what is -111 - -5?
-103
In base 13, what is 1b6 + 1?
1b7
In base 13, what is -182 + 3?
-17c
In base 4, what is 3230 + 2022?
11312
In base 4, what is 330 + -10023?
-3033
In base 11, what is -166 + -2?
-168
In base 7, what is -2 - -13?
11
In base 14, what is 1 + 3160?
3161
In base 4, what is -1203 - 213?
-2022
In base 15, what is -6 + -52?
-58
In base 10, what is -5 + -285?
-290
In base 3, what is 10211012 + 2?
10211021
In base 3, what is 112122 + -1?
112121
In base 8, what is 1 + -72?
-71
In base 11, what is 7 - -2aa4?
3000
In base 8, what is -12 + -6?
-20
In base 9, what is 2 - 252?
-250
In base 13, what is 864 - a?
857
In base 13, what is -616 - 5?
-61b
In base 16, what is -c - 9?
-15
In base 9, what is -1 - -47?
46
In base 12, what is -1b5 - 3a?
-233
In base 12, what is 6150 - -2?
6152
In base 7, what is -414 + 10?
-404
In base 14, what is 1c - 8?
14
In base 10, what is 3 + 1878?
1881
In base 6, what is 22 - -211?
233
In base 11, what is -4 - 1?
-5
In base 2, what is -110110111110 + -100?
-110111000010
In base 4, what is 3102332 - -10?
3103002
In base 15, what is -13 + -4?
-17
In base 15, what is -5 - -836?
831
In base 15, what is -e + 40?
31
In base 9, what is 17 + -118?
-101
In base 14, what is -ccc - -4?
-cc8
In base 11, what is 2 + -49?
-47
In base 8, what is 5753 + -5?
5746
In base 10, what is 2954 - 0?
2954
In base 6, what is -10 + -313?
-323
In base 3, what is 212 - 11?
201
In base 16, what is -23 + -4c?
-6f
In base 8, what is -5 + 20?
13
In base 3, what is -20 + 11120002?
11112212
In base 5, what is 0 - -4244?
4244
In base 16, what is -16 + 1?
-15
In base 6, what is 202 - -135?
341
In base 14, what is -3c0 + -6?
-3c6
In base 11, what is -1531 - 0?
-1531
In base 6, what is -125 - 2?
-131
In base 10, what is -10 + 3?
-7
In base 3, what is -11 + 1000022?
1000011
In base 13, what is -7 - 159?
-163
In base 6, what is 250 + -51?
155
In base 6, what is 10020 - -1?
10021
In base 16, what is 5 - 1a?
-15
In base 16, what is 0 - -44a?
44a
In base 15, what is -5 + 84e?
849
In base 7, what is -2 + -10033?
-10035
In base 6, what is -11 + -2500?
-2511
In base 12, what is 1 - -1a?
1b
In base 3, what is -20 - -20?
0
In base 13, what is 0 - 17?
-17
In base 4, what is 122333 - 1?
122332
In base 15, what is -8 - -13?
a
In base 2, what is 100100 + -101?
11111
In base 5, what is 214 - 111?
103
In base 9, what is 125 + -58?
56
In base 7, what is 60 + -100?
-10
In base 15, what is -14 - 5?
-19
In base 6, what is -231 + 15?
-212
In base 4, what is 13112 + -3?
13103
In base 2, what is 1001001110 - 0?
1001001110
In base 12, what is -5 - -15?
10
In base 16, what is -5 + 29?
24
In base 10, what is 11 + -10?
1
In base 13, what is -3 - 3b?
-41
In base 6, what is 0 - -2?
2
In base 8, what is -12 - -213?
201
In base 14, what is -4 + 33?
2d
In base 12, what is -30 + -298?
-308
In base 13, what is -3 + 13?
10
In base 13, what is 17 - 4?
13
In base 14, what is 32 + 0?
32
In base 3, what is -100 - -1112120?
1112020
In base 3, what is 1 - -2121?
2122
In base 16, what is 1 + -2f?
-2e
In base 10, what is -526 + -9?
-535
In base 7, what is 4 + 5656?
5663
In base 4, what is -3313 + -1323?
-11302
In base 10, what is 723 + 4?
727
In base 4, what is -3102 + -233?
-10001
In base 2, what is -11 - 1011111?
-1100010
In base 8, what is -5 - -340?
333
In base 5, what is 12134 + 2?
12141
In base 6, what is -3020 + -22?
-3042
In base 10, what is -2 - 119?
-121
In base 15, what is -5 - -5b8?
5b3
In base 11, what is -15 + 3?
-12
In base 8, what is -11 - 401?
-412
In base 9, what is 4 + 6634?
6638
In base 6, what is 11 + 31?
42
In base 8, what is 26 - 137?
-111
In base 3, what is -10 + 2221?
2211
In base 5, what is 11031 + -11?
11020
In base 5, what is -10 + 311?
301
In base 9, what is -6 + -1474?
-1481
In base 9, what is 33 - -24?
57
In base 3, what is -20 + 11?
-2
In base 3, what is -110012 + -10?
-110022
In base 10, what is 1 + 3852?
3853
In base 11, what is 1202 + 1?
1203
In base 8, what is 2 + -63?
-61
In base 15, what is -2d - b6?
-e4
In base 8, what is 3304 + -3?
3301
In base 16, what is 7 - -a?
11
In base 9, wh